= -4*r - z - 30. Let b = 6 - r. List the prime factors of b.
13
Let t = -7 + 96. List the prime factors of t.
89
Suppose -2*n + 10*n = 1752. What are the prime factors of n?
3, 73
Suppose -2*q = -5*q + m + 150, q + m - 46 = 0. List the prime factors of q.
7
Let r be 7 + (-5)/(5/2). Let o(x) = x**2 - 3*x + 2. What are the prime factors of o(r)?
2, 3
Let g = -1 - -3. Suppose 4*b + 45 = 4*y + 5*b, y = g*b + 18. List the prime factors of y.
2, 3
Let p = 4 + -5. Let o be 4/(3 + -2 - p). Suppose 0*r - 14 = -o*r. What are the prime factors of r?
7
Suppose 4*k = 2*k - 10. Let g be (-1 + 5)/(-3 - k). List the prime factors of (-4)/(g - 14/6).
2, 3
Let q be 80/(-6)*18/(-15). Let z = -13 + q. List the prime factors of z.
3
List the prime factors of -103*2*63/(-42).
3, 103
Let t = -7 - -9. Let j be -2 + (-2)/(t/(-33)). Let d = -14 + j. List the prime factors of d.
17
Let p be 2/(-8) + (-14)/8. What are the prime factors of p/10 + 22/10?
2
Let z be (1/2)/(6/(-300)). Let k = z - -38. Let t = 22 - k. List the prime factors of t.
3
Let v be (-11)/(-3) - 2/3. Let x = -2 + v. Let g(j) = 4*j**3 - j**2. List the prime factors of g(x).
3
Let n(l) = 3*l**2 - 3*l - 1. What are the prime factors of n(-3)?
5, 7
Let i(l) = -l**2 + 10*l - 5. List the prime factors of i(9).
2
Let r(x) = -x**2 - 9*x + 15. List the prime factors of r(-8).
23
Let r(u) = -u**2 - 13*u - 2. Suppose -4*l - 31 = 13. What are the prime factors of r(l)?
2, 5
Suppose -12 = -6*c + 2*c. Suppose w = -3*m + 21, c*w - m - 12 = 1. What are the prime factors of w/(-9) + 22/6?
3
Let o(y) = -2*y + 9. Let n be o(6). Let w = n + 2. List the prime factors of (-3)/((-3)/w) - -6.
5
Suppose 12*z - 1020 - 1860 = 0. List the prime factors of z.
2, 3, 5
List the prime factors of ((-38)/5 - -8)/((-2)/(-960)).
2, 3
Let k(z) = z**3 - 4*z**2 - 6*z + 5. Let s be k(5). Suppose -5*i + 1 + 4 = s. What are the prime factors of (i + 1)/(-3 - -4)?
2
Let d(m) = 2*m - 18. What are the prime factors of d(13)?
2
Suppose 7 = -5*v - 3*u, v - 13 = -0*v + 3*u. Let j be 1 - ((0 - v) + -1). Let h = j - -2. What are the prime factors of h?
5
Suppose 2*k - 84 = -2*k. Let t = k + 16. List the prime factors of t.
37
Let m(q) = -q**2 + 7*q - 4. Let t be m(5). Let y = t + 11. List the prime factors of y.
17
Let u = 55 - 22. Let c = u - 5. List the prime factors of c.
2, 7
Let g(n) = n - 1. Let r be -3 + 1*(-1)/1. Let l be g(r). List the prime factors of l/(-10) + (-18)/(-4).
5
Let p(r) = -76*r - 5. Let h(s) = -15*s - 1. Let u(l) = 11*h(l) - 2*p(l). List the prime factors of u(-1).
2, 3
Let i be (2*23)/(3 + -4). Let z = i - -79. List the prime factors of z.
3, 11
List the prime factors of 20/(-4*3/(-6)).
2, 5
Let u = 108 - 39. List the prime factors of u.
3, 23
Let s be (-26)/10 - 2/5. Let m = s - -3. Suppose -4*p + 16 + 0 = m. List the prime factors of p.
2
Let w(a) = a + 4. Let o be w(3). Suppose -q + o = -14. List the prime factors of q.
3, 7
Suppose 5*x - 15 = 2*x. Suppose -39 = -0*w - 3*w. Suppose -q - q + w = g, -x*q = g - 16. What are the prime factors of g?
11
Let c be (3/(-6))/((-1)/16). Suppose 2*k + 3 = 15. Suppose -3*h + 20 = -5*y + k, y - c = -3*h. What are the prime factors of h?
3
Let l(i) = 16*i + 2. List the prime factors of l(8).
2, 5, 13
Let b(g) = 16*g. Let y be b(2). Let p = y + 24. Suppose 0 = 2*v - 0*l - 4*l - p, 4*v = l + 77. List the prime factors of v.
2, 3
Let q be (-18)/6 + (14 - 0). Let j(b) = b**3 - 10*b**2 - 8*b - 15. List the prime factors of j(q).
2, 3
Let o = -13 + 18. Suppose 0 = 2*g - o*g + 27. What are the prime factors of g?
3
Let n(v) be the first derivative of -v**4/4 - v**3 + v**2 - 5*v + 1. Let r be n(-4). Suppose r = o + 1. List the prime factors of o.
2
Let l be 1/(-2) + (-7)/(-14). What are the prime factors of 3/(l - (-1)/11)?
3, 11
Let h = 58 - 4. List the prime factors of h.
2, 3
Suppose -27*c = -29*c + 182. What are the prime factors of c?
7, 13
Let c(n) = -3*n - 17. List the prime factors of c(-13).
2, 11
Suppose -5*h = -7*h. Suppose 5*c + x = -0*c + 64, -3*c - 3*x + 48 = h. What are the prime factors of c?
2, 3
Let g be 4/10*(-5 + 15). Suppose -s - 6 = -g*s. Suppose -1 = -s*b + 15. What are the prime factors of b?
2
Suppose 4*f + 19 = 75. Let m be 5/((2 - 1)*1). Suppose m*a = f - 4. List the prime factors of a.
2
Let i(m) = -m**3 - 7*m**2 + 8*m - 2. Let c be i(-8). List the prime factors of 3/2*c/(-1).
3
Suppose 2*p = -275 + 757. List the prime factors of p.
241
Suppose 0 = 5*s - 4*s + 12. Let l = 45 + s. What are the prime factors of l?
3, 11
List the prime factors of 4 + 40 + -1 + 1.
2, 11
Suppose b = 37 + 127. What are the prime factors of b?
2, 41
Suppose -7*a + 1564 = -438. List the prime factors of a.
2, 11, 13
Let t(y) be the second derivative of -y**4/12 - y**3 + 3*y**2 + 3*y. Let w be t(-5). Let g = 21 - w. List the prime factors of g.
2, 5
What are the prime factors of (-2)/3 + 277*4/6?
2, 23
Suppose -2*p + 8*g + 152 = 3*g, -3*g + 136 = 2*p. Let r = -27 + p. What are the prime factors of r?
2, 11
Suppose 4*p - 50 = -2*i, 0*i - 2*i + 35 = 3*p. List the prime factors of p.
3, 5
Let d(u) = u**3 + 3*u**2 - 2*u - 1. Let f be d(2). Let q = 40 + f. Suppose -q = 3*v - 8*v. What are the prime factors of v?
11
Suppose 20 = -k - 5*l, 2*k - 2*l - 5 = 3. Suppose -2*u + 22 = -k*u. What are the prime factors of u?
11
Suppose -2*h + 4*t + 342 = 0, -2*t + 137 = 3*h - 408. What are the prime factors of h?
179
What are the prime factors of 870/55 - (-6)/33?
2
Suppose 0 = -a + 6*a - 110. What are the prime factors of (-2 - -1) + a + -2?
19
Suppose 5*y - 2*y - 12 = 0. Suppose 0 = -2*n - y, p - 25 = n. What are the prime factors of p?
23
Suppose -3*o = -5*o + 10. Suppose -k + 5 = -o*t - 2*k, 4*k = 5*t + 30. List the prime factors of (-1)/(t - -1)*3.
3
Suppose -11 = 2*y + 1. Let l(h) = -h**2 - 9*h - 6. What are the prime factors of l(y)?
2, 3
Suppose -3*y = 5*v - 2*y - 159, 4*y = -3*v + 92. What are the prime factors of v?
2
Suppose -22*v = -21*v - 5. What are the prime factors of v?
5
Let w = -3 - -5. Suppose 1 + w = q. Suppose -20 = -5*l - 2*n + q, -n = -5*l + 11. What are the prime factors of l?
3
Suppose -h + 6*h - 215 = 0. Suppose 0 = v - 5*k - 11, v - 3*k = 2*v - h. What are the prime factors of v?
31
Let q(a) = 3 - 3*a - 6 + 0*a. List the prime factors of q(-6).
3, 5
Suppose 5*d - 9 = 121. Suppose p - d = -0*p. List the prime factors of p.
2, 13
Suppose -2*o + 7*o - 3*t - 340 = 0, 2*o - 5*t - 136 = 0. List the prime factors of o.
2, 17
Let a(r) be the second derivative of 5*r**4/12 + r**2/2 - 2*r. Let h be (-3)/(-4) + 3/12. What are the prime factors of a(h)?
2, 3
Let u be 20 - (0 - (-6)/3). List the prime factors of (10/(-15))/((-1)/u).
2, 3
Suppose 0 = -2*q + 3*x + 173, q - 6*q = 5*x - 470. What are the prime factors of q?
7, 13
What are the prime factors of (1 + 101)/((-6)/(-4))?
2, 17
Let y = 261 - 122. List the prime factors of y.
139
List the prime factors of 311/3 - ((-6)/(-9) - 0).
103
Suppose 0 = 4*f - 49 - 75. What are the prime factors of f?
31
Let m = 1 - -31. What are the prime factors of m?
2
Suppose 15 = j - 6*j. List the prime factors of (0 - (-1 - 26)) + j.
2, 3
List the prime factors of (82/(-3))/(4/(-6)).
41
Let f(d) = d**3 + d**2 + 2*d - 1. Let m(z) = -z + 6. Let p be m(4). What are the prime factors of f(p)?
3, 5
List the prime factors of (7 - -1)/(17/323).
2, 19
Suppose 0 = z - 3*z - 4*g + 18, 0 = -z + 3*g - 6. Let p = 8 - z. What are the prime factors of p?
5
Suppose -4*i + 5*r = -305, i = -0*i - 3*r + 89. Suppose 3*w + w = i. List the prime factors of w.
2, 5
Let x(a) = 2*a - 9. Let i be x(6). Let h be (-12)/i*2/(-4). Suppose 6*u = h*u + 48. List the prime factors of u.
2, 3
Let i(w) = -w**3 + 4*w**2 - 3*w. Let r(g) = -g**3 - 5*g**2 - 5*g - 2. Let d be r(-4). Let q be i(d). Suppose q*z + 8 = 4*z. List the prime factors of z.
2
Suppose 0 = -c + 5*c - 816. List the prime factors of c.
2, 3, 17
Suppose -5*d - 11 = -31. Let p(x) = -x**3 + 6*x**2 - 5*x - 4. Let y be p(d). Let f = -5 + y. What are the prime factors of f?
3
Let w = 1 - 6. Let h be (3 + w + 1)*2. List the prime factors of ((-76)/8)/(1/h).
19
Let y(c) = c**2 + 3*c + 7. What are the prime factors of y(-3)?
7
Suppose -p = -2*d - 86, 3*p + 5*d - 127 = p. Let b = -42 + p. What are the prime factors of b?
2, 17
Let q(